-o*f = 2*w - 162. Is w a prime number?
True
Let k = -5147 - -6874. Is k a prime number?
False
Let z be (2 + (-4 - -1))*-4. Suppose -z*y + 135 = 4*g + y, 5*y = -2*g + 65. Is 9/15 - (-38374)/g a prime number?
True
Let x(o) = -659*o**2 + 3*o + 4. Let c be x(-3). Let y = 9825 + c. Is y composite?
False
Suppose 0 = 18*g - 4492746 + 2946256 - 5438716. Is g a composite number?
False
Suppose 84*f - 3938755 - 3462905 = 0. Is f a composite number?
True
Let l = 41241 + -8372. Is l a prime number?
True
Is ((-1783044)/(-90) + -19)*(0 - -5) composite?
False
Suppose -b = l - 16, 3*l - 100 = -l + 5*b. Let y be (-2)/((-24)/l)*-9*1. Let w(n) = 6*n**2 + 11*n + 16. Is w(y) composite?
False
Let l = 15996 + -10144. Suppose -a = -2*x + l, -5*x + 5*a - 2896 = -17521. Is x composite?
False
Let k = 320533 + -138756. Is k prime?
True
Let w be (6/9)/(3/9). Suppose -16 = y - w*k, -58 = 3*y - 2*k + k. Is 58/(-1)*(-4)/((-32)/y) composite?
True
Let l = 36873 - 24892. Is l composite?
False
Let j be 138 - ((-26)/(-78) - 14/(-3)). Is (-14)/4*(-36746)/j a composite number?
False
Let j = 96 + -93. Suppose -575 = j*u - 2645. Suppose -5*z + 2062 = 3*f, 0 = -3*f + 2*f + z + u. Is f a prime number?
False
Suppose -11*q + 2023196 = -130430 + 494155. Is q prime?
False
Let y = -199387 + 2344734. Is y a prime number?
False
Let s(o) = -10*o - 3 - 5 + 26*o**2 + 17 - 10 + 2*o. Let v = -1 - -7. Is s(v) a composite number?
False
Let f = -63 - -102. Suppose 0 = 2*k + h + 17, 4*k = 4*h - f - 25. Let w(o) = o**3 + 13*o**2 - 8*o + 1. Is w(k) a prime number?
True
Let p(m) = 4*m**2 + 26*m + 15. Let f be p(-6). Suppose -f*q - 3*y + 1458 = 0, 5*q - y - 2421 = 3*y. Is q composite?
True
Let j = -23 - -13. Let u be (-2 - 1)*(j - -9). Suppose -u*h = h + 2*w - 1278, 5*h - 1565 = 4*w. Is h composite?
False
Let j = -21 + 24. Suppose -4*w - j*s + 35 = -0, 15 = 3*s. Suppose t - w*f = 424, -2*t - 2*f = f - 809. Is t composite?
False
Suppose 6*n = n - 3*t - 60837, -36491 = 3*n - t. Let s = 2344 - n. Is s prime?
False
Let v(i) = -i**3 + 9*i**2 + 11*i - 12. Let s be v(10). Is 1689 - (s/(-13) + 864/(-208)) a composite number?
False
Is 21/35 - 1080843*22/(-165) composite?
True
Suppose -181*g - 4126609 = -98*g - 124*g. Is g composite?
False
Let q(o) = 1610*o**2 + 129*o - 483. Is q(4) composite?
False
Let i(n) = n**2 - 4*n + 12540. Let p be i(0). Let k = p - 8531. Is k composite?
True
Is 4599150/66 - (-12)/(-11) composite?
True
Suppose 12 = 4*o + 2*z, 3*o + 3 = 2*z + 5. Suppose -505 = 4*j + y - 3986, -4*j = -o*y - 3466. Is j composite?
True
Let u(t) = -200*t - 39. Let d(p) = -199*p - 40. Let h(a) = -4*d(a) + 3*u(a). Suppose 3*w - 15 = 3*y, -w = 2*w - 4*y - 14. Is h(w) prime?
False
Let u = -62 + 97. Suppose -30*q + 25*q + 15 = 0. Suppose -u = q*k - 200. Is k a prime number?
False
Let o(v) be the second derivative of -v**5/20 + v**4 + v**3/2 - 7*v**2/2 - 4*v. Let i be o(9). Is (i/2)/(10/20) composite?
False
Let x = -192 + 464. Let t = x - 45. Let f = 92 + t. Is f a prime number?
False
Let v(u) = 265*u**3 - 5*u + 25. Let t(l) = -l**2 - 13*l - 37. Let y be t(-5). Is v(y) a composite number?
True
Let h(g) = -317*g**2 + 4*g + 6. Let v be h(-4). Let c(j) = 52*j**2 - 6*j - 19. Let k be c(-12). Let u = v + k. Is u composite?
False
Is (-20)/(2880/(-59531196)) + (-3)/36 a prime number?
True
Let m = -1008408 - -1463827. Is m prime?
True
Let w(m) = 9*m**2 + 28*m - 330. Is w(29) a composite number?
True
Suppose 3*s - c - 21646 = 0, 7219 = 5*s - 4*s - 4*c. Let g = -3224 + s. Is g a prime number?
False
Suppose 6*b - b + 4*i = 129853, -5*i + 25958 = b. Let n be (-20)/(-50) - b/(-5). Suppose -9*k + n = -4*k. Is k a composite number?
False
Let x(d) = 1179*d**3 - 25*d**2 + 13*d - 2. Is x(11) a composite number?
True
Let r(q) = -6*q**3 + 40*q**2 + 104*q + 29. Is r(-27) a composite number?
False
Let n = 6737 + 27780. Is n a composite number?
True
Suppose -28*x = 523156 - 1525920. Is x prime?
False
Let f = 50 - 24. Suppose 20 = -x + f. Suppose -x*r + 1575 + 1455 = 0. Is r a composite number?
True
Let j = -3898 + 2014. Let y = -1067 - j. Let u = y + -404. Is u composite?
True
Suppose 72 = 8*y + 10*y. Suppose 3*p = -y*c + 72669, -5*c - 3111 = -4*p + 93781. Is p a composite number?
False
Suppose -5*p + 5*z = -7072552 + 1819312, 0 = 4*p + 3*z - 4202627. Is p composite?
True
Suppose -3*o + s = -1576897, -147*o + 5*s = -142*o - 2628155. Is o prime?
False
Suppose -4555 = -32*x + 53525. Suppose -u + x = -4*t, -3*u + 2*u - 5*t = -1851. Is u a composite number?
False
Let j(t) = 2*t**2 + 0*t + 7*t - 4 - 3*t**2 - t. Let x be j(4). Let r(n) = n**3 - n**2 + 2*n + 1. Is r(x) prime?
False
Let h = 8171 - -6926. Is h a prime number?
False
Let t = -88 - -99. Suppose -21 = 5*p - t, 0 = -3*k + 2*p + 129151. Is k composite?
False
Suppose 4*r = -4*i + 318012, 22*i + 79501 = 23*i + 3*r. Suppose -11*g + i = -6747. Is g composite?
False
Suppose -3*v - 5*k + 2 = -14, 5*v = -2*k + 52. Suppose -7*x + v*x = 490. Suppose 0 = -d + x + 93. Is d composite?
False
Suppose 1566*h - 11173 = 1565*h. Suppose 2*y = 3*f + h - 52732, -69265 = -5*f + 2*y. Is f a composite number?
True
Let b(r) = -55*r + 7. Let f be b(-3). Let d(z) = 7 - 4 - 177*z + 5*z**2 + f*z. Is d(-9) prime?
False
Let n(h) = 21*h - 46 + 4*h**2 + 41 + 30. Is n(12) a composite number?
False
Suppose -391054 = 16*i - 37*i + 19*i. Is i a composite number?
False
Let t = -103 - -107. Is 11 - (t + -2293) - (-2)/1 prime?
False
Is 314792/4 + (94 - 101) a composite number?
False
Is (-3)/(134651/606051 + (1220/180 - 7)) composite?
False
Is -5 - 2 - (-115800)/(-13 - -16) prime?
True
Suppose 2*x = -5*l - 8, l - 11 = -3*x + 5*l. Suppose c - 1492 = -228. Is (c/(-4))/(-4) + 0/x prime?
True
Let s be (-12)/21 - (-177996)/49. Suppose -3669 = -7*p + s. Is p a composite number?
True
Suppose 32 = 4*d, -s + 1513*d + 255003 = 1508*d. Is s a composite number?
False
Suppose 702*z = 680*z + 1151942. Is z a prime number?
True
Let p(n) be the first derivative of 7*n**4/2 + 3*n**3 + 13*n**2 + n + 77. Is p(6) prime?
False
Suppose f + 131 = -2*y, y + 3*y - 12 = 0. Is (f/(-16)*4)/(1/92) composite?
True
Suppose -3*q - 5*k = -29376, -14*q = -9*q - k - 48988. Is q a composite number?
True
Suppose 2*v + 54 = -v. Let z = v + 20. Suppose 3*f = -5*u + 7709, 3763 = 5*u + z*f - 3948. Is u prime?
True
Let f = -4079 + 9033. Let p = -3299 + f. Is p a composite number?
True
Suppose 16*k - 14*k = -16. Let c be (-16)/(-2) - (k - -7). Is (-564)/(-18) + (-3)/c a prime number?
True
Suppose -459578 = 2186*g - 2200*g. Is g prime?
False
Suppose 5*m - 659191 = u, -3*m - u + 298377 = -97144. Is m composite?
False
Suppose 0 = -2*d - 5*d + 308. Let h = 41 - d. Is 205 + ((-6)/3)/(h/(-3)) a composite number?
True
Suppose -2*b = -0*b + 2*b - 1413428. Is b prime?
False
Let a be ((-286)/4)/((35/460)/(-7)). Let x = -3357 + a. Is x a prime number?
True
Suppose 5*t + 2809913 = 48*t - 1560048. Is t a composite number?
False
Suppose -91*l + 116684 = 33*l. Is l a prime number?
True
Suppose 10*i + 27 = i. Let q be 26/i + 15/(-45). Is (-13*(-3)/(-12))/(q/1908) a composite number?
True
Let d(b) = 240*b**2 - 7. Let x(a) = -2*a + 65. Let i be x(10). Suppose -i = -26*k + 11*k. Is d(k) prime?
True
Let t be (-5 - -1)*-1 - 217. Is -6 - (5 + -9) - t composite?
False
Suppose -3*q + 2*f + 2*f - 5 = 0, 0 = -5*q + f + 20. Let h be (-309 + (q - 3))*(-2)/(-2). Let b = h - -446. Is b composite?
False
Let o(s) be the first derivative of 29*s**3 + 5*s**2 + 9*s - 78. Is o(-4) a prime number?
True
Let g(i) = -11*i - 1. Let a(j) = -j**2 + 10*j + 2. Let u(f) = -3*a(f) - 4*g(f). Let b be u(3). Let t = b - 30. Is t a composite number?
False
Let b(u) = 2315*u**2 - 64*u - 506. Is b(13) composite?
False
Suppose -r + 7 = 11, 38263 = m + 4*r. Is m a prime number?
False
Let t(c) = -6*c**2 + 61*c - 13. Let q be t(10). Let i be ((-9)/12)/((-1)/(-4)). Is (907/i)/((-1)/q*-1) a composite number?
False
Suppose 65*v = -1223213 + 4194168. Is v composite?
False
Let v(r) = 107*r**3 + 11*r**2 + 49*r - 106. Is v(15) composite?
True
Suppose -2*a - 991 - 1691 = 0. Let i = 3188 + a. Is i a prime number?
True
Let z = 235924 + -112809. Is z a prime number?
False
Let q be -1 + (-39)/(-33) + (-1067)/(-121). Suppose q*f - 34574 - 50845 = 0. Is f a composite number?
False
Is (2/(-3))/((-5)/(282585/2)) a composite number?
False
S